{"id":757,"date":"2019-10-08T10:19:05","date_gmt":"2019-10-08T10:19:05","guid":{"rendered":"http:\/\/www.rbaitalia.it\/?page_id=757"},"modified":"2021-05-03T09:26:47","modified_gmt":"2021-05-03T09:26:47","slug":"test","status":"publish","type":"page","link":"https:\/\/www.rbaitalia.it\/?page_id=757","title":{"rendered":"Domande &#038; Risposte \/\/ COLLEZIONI"},"content":{"rendered":"<div style=\"display: none;\"><\/div>\n<p>&nbsp;<\/p>\n<div id=\"themify_builder_content-757\" data-postid=\"757\" class=\"themify_builder_content themify_builder_content-757 themify_builder themify_builder_front\">\n\n\t\t\t\t<!-- module_row -->\n\t\t\t<div  data-gutter=\"gutter-default\" class=\"themify_builder_row themify_builder_757_row module_row module_row_0 module_row_757-0 clearfix gutter-default faq_sidebar\" data-column-alignment=\"\" data-desktop_dir=\"ltr\" data-tablet_dir=\"ltr\" data-mobile_dir=\"ltr\">\n\n\t\t\n\t\t\t\t\n\t\t\t\t<div class=\"row_inner_wrapper\">\n\t\t\t\t\t<div class=\"row_inner gutter-default tablet-col-direction-ltr desktop-col-direction-ltr mobile-col-direction-ltr\">\n\n\t\t\t\t\t\t\n\t\t\t\t\t\t\n\t\t\t\t\t\t\t\n\t\t<div  class=\"col-full first tb-column  module_column tb_757_column module_column_0 module_column_757-0-0\" >\n\n\t\t\t\n\t\t\t\n\t\t\t<div class=\"tb-column-inner\">\n\n\t\t\t\t\n\t\t\t\t\n\t\t\t\t\t\n<!-- module text -->\n<div id=\"text-757-0-0-0\" class=\"module module-text text-757-0-0-0   \">\n\t\n\t\n\t<h3 class=\"rn_Title\">Domande & Risposte<\/h3>\n<ul>\n<li class=\"active\"><a href=\"http:\/\/www.rbaitalia.it\/?page_id=757\">COLLEZIONI<\/a><\/li>\n<li><a href=\"http:\/\/www.rbaitalia.it\/?page_id=778\">RIVISTE<\/a><\/li>\n<\/ul>\n\n\t<\/div>\n<!-- \/module text -->\n\n\t\t\t\t\n\t\t\t<\/div><!-- \/.tb-column-inner -->\n\t\t\t\t\t<\/div>\n\t\t<!-- \/.tb-column -->\n\t\t\n\t\t\n\t\t\t\t\t\t\t\t\n\t\t\t\t\t\t\t\t\n\t\t\t\t\t\t\t\n\t\t\t\t\t\t<\/div>\n\t\t\t\t\t\t<!-- \/row_inner -->\n\t\t\t\t\t<\/div>\n\t\t\t\t\t<!-- \/row_inner_wrapper -->\n\t\t\t\t<\/div>\n\t\t\t\t<!-- \/module_row -->\n\t\t\t\t\t<!-- module_row -->\n\t\t\t<div  data-gutter=\"gutter-default\" class=\"themify_builder_row themify_builder_757_row module_row module_row_1 module_row_757-1 clearfix gutter-default faq_content\" data-column-alignment=\"\" data-desktop_dir=\"ltr\" data-tablet_dir=\"ltr\" data-mobile_dir=\"ltr\">\n\n\t\t\n\t\t\t\t\n\t\t\t\t<div class=\"row_inner_wrapper\">\n\t\t\t\t\t<div class=\"row_inner gutter-default tablet-col-direction-ltr desktop-col-direction-ltr mobile-col-direction-ltr\">\n\n\t\t\t\t\t\t\n\t\t\t\t\t\t\n\t\t\t\t\t\t\t\n\t\t<div  class=\"col-full first tb-column  module_column tb_757_column module_column_0 module_column_757-1-0\" >\n\n\t\t\t\n\t\t\t\n\t\t\t<div class=\"tb-column-inner\">\n\n\t\t\t\t\n\t\t\t\t\n\t\t\t\t\t\n\t<!-- module accordion -->\n\t<div id=\"accordion-757-1-0-0\" class=\"module module-accordion accordion-757-1-0-0  \" data-behavior=\"accordion\">\n\n\t\t\t\t\t<h3 class=\"module-title\">Collezioni<\/h3>\t\t\n\t\t\n\t\t<ul class=\"ui module-accordion separate  default\">\n\t\t\t\t\t\t\t<li >\n\t\t\t\t\t<div class=\"accordion-title\">\n\t\t\t\t\t\t<a href=\"#\">\n\t\t\t\t\t\t\t<i class=\"accordion-icon fa fa-chevron-down\"><\/i>\t\t\t\t\t\t\t<i class=\"accordion-active-icon fa fa-chevron-up\"><\/i>\t\t\t\t\t\t\tQuando mi arriver\u00e0 la merce?\t\t\t\t\t\t<\/a>\n\t\t\t\t\t<\/div>\n\t\t\t\t\t<div class=\"accordion-content default-closed clearfix\">\n\t\t\t\t\t\t<div style=\"display: none;\">\u00a0<\/div><div style=\"display: none;\">\u00a0<\/div><p>Il primo pacco verr\u00e0 spedito non appena saranno disponibili tutti i prodotti (solitamente in concomitanza con l&#8217;uscita in edicola degli stessi): riceverai una e-mail di conferma con l&#8217;indicazione della data di spedizione prevista. Successivamente le spedizioni avranno indicativamente una cadenza mensile. Vedi le informazioni specifiche per il prodotto che hai sottoscritto nella sezione CONDIZIONI PARTICOLARI DI VENDITA del sito del prodotto.<\/p><p><strong>Si consiglia di indicare un indirizzo di spedizione presso il quale \u00e8 possibile trovare qualcuno durante tutto l&#8217;arco della giornata (ad esempio il posto di lavoro oppure casa di un familiare o di un conoscente).<\/strong><\/p>\t\t\t\t\t<\/div>\n\t\t\t\t<\/li>\n\t\t\t\t\t\t\t<li >\n\t\t\t\t\t<div class=\"accordion-title\">\n\t\t\t\t\t\t<a href=\"#\">\n\t\t\t\t\t\t\t<i class=\"accordion-icon fa fa-chevron-down\"><\/i>\t\t\t\t\t\t\t<i class=\"accordion-active-icon fa fa-chevron-up\"><\/i>\t\t\t\t\t\t\tDesidero restituire un prodotto del mio ordine online. Cosa devo fare? \t\t\t\t\t\t<\/a>\n\t\t\t\t\t<\/div>\n\t\t\t\t\t<div class=\"accordion-content default-closed clearfix\">\n\t\t\t\t\t\t<div style=\"display: none;\">\u00a0<\/div><div style=\"display: none;\">\u00a0<\/div><p>Se per qualsiasi ragione uno o pi\u00f9 prodotti acquistati attraverso il sito non dovesse essere di tuo gradimento, puoi esercitare il diritto di recesso, restituendo, a tue spese, i prodotti ordinati entro 14 giorni al seguente indirizzo: Ufficio Abbonamenti &#8211; c\/o CMP Brescia, 25126 Brescia (BS) Numero Fax: 030.77.72.387<\/p>\t\t\t\t\t<\/div>\n\t\t\t\t<\/li>\n\t\t\t\t\t\t\t<li >\n\t\t\t\t\t<div class=\"accordion-title\">\n\t\t\t\t\t\t<a href=\"#\">\n\t\t\t\t\t\t\t<i class=\"accordion-icon fa fa-chevron-down\"><\/i>\t\t\t\t\t\t\t<i class=\"accordion-active-icon fa fa-chevron-up\"><\/i>\t\t\t\t\t\t\tCome si effettua un ordine?\t\t\t\t\t\t<\/a>\n\t\t\t\t\t<\/div>\n\t\t\t\t\t<div class=\"accordion-content default-closed clearfix\">\n\t\t\t\t\t\t<div style=\"display: none;\">\u00a0<\/div><p>Effettuare un ordine \u00e8 molto semplice: seleziona l&#8217;offerta alla quale vuoi aderire sul sito del prodotto, e clicca su ABBONATI. Alla pagina successiva dovrai inserire le informazioni richieste. Scegli infine il metodo di pagamento e conferma l&#8217;ordine.<\/p><p>Oppure puoi abbonarti telefonando allo 02 49572009 (Dal luned\u00ec al venerd\u00ec dalle ore 9,00 alle 18,00. Sabato dalle 10,00 alle 14,00)<\/p><p>Oppure invia un fax allo 030 7772385<\/p>\t\t\t\t\t<\/div>\n\t\t\t\t<\/li>\n\t\t\t\t\t\t\t<li >\n\t\t\t\t\t<div class=\"accordion-title\">\n\t\t\t\t\t\t<a href=\"#\">\n\t\t\t\t\t\t\t<i class=\"accordion-icon fa fa-chevron-down\"><\/i>\t\t\t\t\t\t\t<i class=\"accordion-active-icon fa fa-chevron-up\"><\/i>\t\t\t\t\t\t\tE' possibile effettuare un ordine con spedizione all'estero? \t\t\t\t\t\t<\/a>\n\t\t\t\t\t<\/div>\n\t\t\t\t\t<div class=\"accordion-content default-closed clearfix\">\n\t\t\t\t\t\t<div style=\"display: none;\">\u00a0<\/div><div style=\"display: none;\">\u00a0<\/div><p>Ci dispiace, ma le spedizioni vengono effettuate solo in Italia.<\/p>\t\t\t\t\t<\/div>\n\t\t\t\t<\/li>\n\t\t\t\t\t\t\t<li >\n\t\t\t\t\t<div class=\"accordion-title\">\n\t\t\t\t\t\t<a href=\"#\">\n\t\t\t\t\t\t\t<i class=\"accordion-icon fa fa-chevron-down\"><\/i>\t\t\t\t\t\t\t<i class=\"accordion-active-icon fa fa-chevron-up\"><\/i>\t\t\t\t\t\t\tHo ricevuto un prodotto difettoso attraverso il mio ordine online. Posso restituirlo? \t\t\t\t\t\t<\/a>\n\t\t\t\t\t<\/div>\n\t\t\t\t\t<div class=\"accordion-content default-closed clearfix\">\n\t\t\t\t\t\t<div style=\"display: none;\"><\/div>\n<div style=\"display: none;\"><\/div>\n<p>Se il prodotto acquistato dovesse presentare difetti, ti invitiamo a segnalare il problema al nostro Servizio Clienti che sar\u00e0 a tua disposizione per concordare le modalit\u00e0 di sostituzione del prodotto.<\/p>\n<p>Per contattarci:<\/p>\n<p>TELEFONO: 02 4957 2009<br \/>\nE-MAIL: collezioni.rbaitalia@pressdi.it<br \/>\nFAX: 030 7772385<br \/>\nScrivi al SERVIZIO ABBONAMENTI: Casella postale 97 \u2013 Via Dalmazia,13 25126 BRESCIA<\/p>\n\t\t\t\t\t<\/div>\n\t\t\t\t<\/li>\n\t\t\t\t\t\t\t<li >\n\t\t\t\t\t<div class=\"accordion-title\">\n\t\t\t\t\t\t<a href=\"#\">\n\t\t\t\t\t\t\t<i class=\"accordion-icon fa fa-chevron-down\"><\/i>\t\t\t\t\t\t\t<i class=\"accordion-active-icon fa fa-chevron-up\"><\/i>\t\t\t\t\t\t\tQuando mi viene addebitato l'importo dell'ordine sulla carta di credito? \t\t\t\t\t\t<\/a>\n\t\t\t\t\t<\/div>\n\t\t\t\t\t<div class=\"accordion-content default-closed clearfix\">\n\t\t\t\t\t\t<div style=\"display: none;\">\u00a0<\/div><div style=\"display: none;\">\u00a0<\/div><p>Al momento dell&#8217;acquisto verr\u00e0 esclusivamente controllata la validit\u00e0 della carta di credito. L&#8217;importo verr\u00e0 poi effettivamente addebitato sulla carta di credito solo al momento della preparazione della spedizione dei prodotti.<\/p>\t\t\t\t\t<\/div>\n\t\t\t\t<\/li>\n\t\t\t\t\t\t\t<li >\n\t\t\t\t\t<div class=\"accordion-title\">\n\t\t\t\t\t\t<a href=\"#\">\n\t\t\t\t\t\t\t<i class=\"accordion-icon fa fa-chevron-down\"><\/i>\t\t\t\t\t\t\t<i class=\"accordion-active-icon fa fa-chevron-up\"><\/i>\t\t\t\t\t\t\tHo acquistato una collezione. Come posso modificare il mio indirizzo per le spedizioni future? \t\t\t\t\t\t<\/a>\n\t\t\t\t\t<\/div>\n\t\t\t\t\t<div class=\"accordion-content default-closed clearfix\">\n\t\t\t\t\t\t<div style=\"display: none;\">\u00a0<\/div><div style=\"display: none;\">\u00a0<\/div><p>Se desideri modificare il tuo indirizzo ti invitiamo a contattare il nostro servizio Clienti tramite queste modalit\u00e0<\/p><p>E-mail: abbonamenti@mondadori.it<br \/>Telefono: 02.4957.2009 dal luned\u00ec al venerd\u00ec, ore 9:00-19:00<br \/>Fax: 030.777.2387 (attivo 24 ore su 24)<br \/>Posta: Ufficio Abbonamenti &#8211; c\/o CMP Brescia, 25126 Brescia<\/p>\t\t\t\t\t<\/div>\n\t\t\t\t<\/li>\n\t\t\t\t\t\t\t<li >\n\t\t\t\t\t<div class=\"accordion-title\">\n\t\t\t\t\t\t<a href=\"#\">\n\t\t\t\t\t\t\t<i class=\"accordion-icon fa fa-chevron-down\"><\/i>\t\t\t\t\t\t\t<i class=\"accordion-active-icon fa fa-chevron-up\"><\/i>\t\t\t\t\t\t\tA quanto ammontano le spese di spedizione?\t\t\t\t\t\t<\/a>\n\t\t\t\t\t<\/div>\n\t\t\t\t\t<div class=\"accordion-content default-closed clearfix\">\n\t\t\t\t\t\t<div style=\"display: none;\">\u00a0<\/div><div style=\"display: none;\">\u00a0<\/div><p>Le spese di spedizione variano a secondo della tipologia del prodotto, trovi il dettaglio dei costi nella sezione &#8220;CONDIZIONI PARTICOLARI DI VENDITA&#8221; sul sito del prodotto.<\/p><p><strong>RICORDATI CHE SE PAGHI CON CARTA DI CREDITO LE SPESE DI SPEDIZIONE SONO GRATUITE<\/strong><\/p>\t\t\t\t\t<\/div>\n\t\t\t\t<\/li>\n\t\t\t\t\t\t\t<li >\n\t\t\t\t\t<div class=\"accordion-title\">\n\t\t\t\t\t\t<a href=\"#\">\n\t\t\t\t\t\t\t<i class=\"accordion-icon fa fa-chevron-down\"><\/i>\t\t\t\t\t\t\t<i class=\"accordion-active-icon fa fa-chevron-up\"><\/i>\t\t\t\t\t\t\tCome \u00e8 possibile pagare l'abbonamento?\t\t\t\t\t\t<\/a>\n\t\t\t\t\t<\/div>\n\t\t\t\t\t<div class=\"accordion-content default-closed clearfix\">\n\t\t\t\t\t\t<div style=\"display: none;\">\u00a0<\/div><div style=\"display: none;\">\u00a0<\/div><p>&#8211; <strong>Carta di credito<\/strong>: accettiamo le carte di credito (anche prepagate) appartenenti ai circuiti Visa, Mastercard, American Express, Diners, LA CARTE DI CREDITO DI POSTE ITALIANE NON SONO ACCETTATE. La transazione \u00e8 protetta da Verisign, societ\u00e0 leader mondiale tra i fornitori di servizi per la sicurezza online; per il pagamento sarai trasferito su un sito esterno sicuro, gestito da EPS, per la completa sicurezza dei tuoi dati.<\/p><p>Al momento della conferma dell&#8217;acquisto effettueremo un test sul funzionamento della carta per verificare che sia attiva. Se il test risulter\u00e0 positivo, al momento della spedizione sulla carta verr\u00e0 effettuato l&#8217;addebito dell&#8217;importo indicato nell&#8217;offerta. L&#8217;importo relativo ad ogni invio sar\u00e0 addebitato sulla carta sempre al momento della spedizione.<\/p><p><strong>RICORDATI CHE SE PAGHI CON CARTA DI CREDITO LE SPESE DI SPEDIZIONE SONO GRATUITE<\/strong><\/p><p>&#8211; <strong>Paypal<\/strong>: si tratta di un servizio web che ti permette, a seguito di una registrazione, di aprire gratuitamente un conto personale ed effettuare o ricevere pagamenti on line in tutta sicurezza. Scegliendo questa modalit\u00e0 di pagamento, sarai reindirizzato su una pagina esterna, gestita da PayPal. L&#8217;importo verr\u00e0 addebitato direttamente sul conto a cui si appoggia il conto personale aperto sul sito Paypal.it. Con questo sistema di pagamento i tuoi dati finanziari non saranno condivisi con abbonamenti.it ma saranno gestiti direttamente da PayPal.<\/p><p>Questa opzione \u00e8 possibile solamente a clienti il cui conto Paypal \u00e8 associato ad una carta di credito &#8220;full&#8221;, non sono accettate carte ricaricabili. Nota: in caso di scelta di Paypal come metodo di pagamento, al fine di permetterci di gestire tutti gli invii previsti dal piano dell&#8217;opera della collezione che stai acquistando, ti verr\u00e0 chiesto di autorizzare la nostra Societ\u00e0 ad addebitare in futuro il tuo conto Paypal con le scadenze e per gli importi previsti dal piano stesso. La mancata autorizzazione comporter\u00e0 l&#8217;impossibilit\u00e0 di utilizzare Paypal come metodo di pagamento per questo acquisto.<\/p><p><strong>RICORDATI CHE SE PAGHI CON PAYPAL LE SPESE DI SPEDIZIONE SONO GRATUITE<\/strong><\/p><p>&#8211; <strong>Bollettino postale<\/strong> gi\u00e0 compilato che provvederemo ad inserire all&#8217;interno del pacco. I pagamenti effettuati in Posta ci vengono trasmessi 3-10 giorni circa dopo il versamento.<\/p>\t\t\t\t\t<\/div>\n\t\t\t\t<\/li>\n\t\t\t\t\t\t\t<li >\n\t\t\t\t\t<div class=\"accordion-title\">\n\t\t\t\t\t\t<a href=\"#\">\n\t\t\t\t\t\t\t<i class=\"accordion-icon fa fa-chevron-down\"><\/i>\t\t\t\t\t\t\t<i class=\"accordion-active-icon fa fa-chevron-up\"><\/i>\t\t\t\t\t\t\tQuando pagher\u00f2 gli invii ricevuti?\t\t\t\t\t\t<\/a>\n\t\t\t\t\t<\/div>\n\t\t\t\t\t<div class=\"accordion-content default-closed clearfix\">\n\t\t\t\t\t\t<div style=\"display: none;\">\u00a0<\/div><div style=\"display: none;\">\u00a0<\/div><p>Con il metodo di pagamento con il bollettino postale il pagamento dovr\u00e0 avvenire una volta ricevuto il pacco che conterr\u00e0 il bollettino, entro e non oltre la data di scadenza indicata sul bollettino.\u00a0<br \/>Per il pagamento con carta di credito o PayPal, l\u2019importo sar\u00e0 addebitato nel momento in cui viene preparata la spedizione.<\/p>\t\t\t\t\t<\/div>\n\t\t\t\t<\/li>\n\t\t\t\t\t<\/ul>\n\n\t\t\n\t<\/div>\n\t<!-- \/module accordion -->\n\n\n\t\t\t\t\n\t\t\t<\/div><!-- \/.tb-column-inner -->\n\t\t\t\t\t<\/div>\n\t\t<!-- \/.tb-column -->\n\t\t\n\t\t\n\t\t\t\t\t\t\t\t\n\t\t\t\t\t\t\t\t\n\t\t\t\t\t\t\t\n\t\t\t\t\t\t<\/div>\n\t\t\t\t\t\t<!-- \/row_inner -->\n\t\t\t\t\t<\/div>\n\t\t\t\t\t<!-- \/row_inner_wrapper -->\n\t\t\t\t<\/div>\n\t\t\t\t<!-- \/module_row -->\n\t\t<\/div>\n<!-- \/themify_builder_content -->","protected":false},"excerpt":{"rendered":"<p>&nbsp;<\/p>\n","protected":false},"author":4,"featured_media":0,"parent":0,"menu_order":0,"comment_status":"closed","ping_status":"closed","template":"","meta":{"footnotes":""},"class_list":["post-757","page","type-page","status-publish","hentry","has-post-title","has-post-date","has-post-category","has-post-tag","has-post-comment","has-post-author",""],"_links":{"self":[{"href":"https:\/\/www.rbaitalia.it\/index.php?rest_route=\/wp\/v2\/pages\/757","targetHints":{"allow":["GET"]}}],"collection":[{"href":"https:\/\/www.rbaitalia.it\/index.php?rest_route=\/wp\/v2\/pages"}],"about":[{"href":"https:\/\/www.rbaitalia.it\/index.php?rest_route=\/wp\/v2\/types\/page"}],"author":[{"embeddable":true,"href":"https:\/\/www.rbaitalia.it\/index.php?rest_route=\/wp\/v2\/users\/4"}],"replies":[{"embeddable":true,"href":"https:\/\/www.rbaitalia.it\/index.php?rest_route=%2Fwp%2Fv2%2Fcomments&post=757"}],"version-history":[{"count":26,"href":"https:\/\/www.rbaitalia.it\/index.php?rest_route=\/wp\/v2\/pages\/757\/revisions"}],"predecessor-version":[{"id":1211,"href":"https:\/\/www.rbaitalia.it\/index.php?rest_route=\/wp\/v2\/pages\/757\/revisions\/1211"}],"wp:attachment":[{"href":"https:\/\/www.rbaitalia.it\/index.php?rest_route=%2Fwp%2Fv2%2Fmedia&parent=757"}],"curies":[{"name":"wp","href":"https:\/\/api.w.org\/{rel}","templated":true}]}}